{"id":648,"date":"2024-04-29T20:56:57","date_gmt":"2024-04-29T20:56:57","guid":{"rendered":"https:\/\/sksolarbolivia.com\/?post_type=product&#038;p=648"},"modified":"2024-04-29T20:56:57","modified_gmt":"2024-04-29T20:56:57","slug":"controlador-xtra-3210","status":"publish","type":"product","link":"https:\/\/sksolarbolivia.com\/index.php\/product\/controlador-xtra-3210\/","title":{"rendered":"Controlador XTRA 3210"},"content":{"rendered":"<p>La serie XTRA es un controlador de carga avanzado de seguimiento del punto de m\u00e1xima potencia (MPPT) para sistemas fotovoltaicos fuera de la red, con unidades de visualizaci\u00f3n opcionales (XDB1\/XDS1\/XDS2). Est\u00e1 dise\u00f1ado de acuerdo con el est\u00e1ndar internacional con mayor calidad, confiabilidad y seguridad. La funci\u00f3n de limitaci\u00f3n de la potencia de carga, la corriente de carga y la funci\u00f3n de reducci\u00f3n autom\u00e1tica de potencia garantizan completamente la estabilidad cuando se trabaja con m\u00f3dulos fotovoltaicos de gran tama\u00f1o (m\u00e1ximo 1,5 veces la potencia nominal) y se opera en un entorno de alta temperatura.<\/p>\n","protected":false},"excerpt":{"rendered":"<h6>MARCA: EPEVER<\/h6>\n<h6 class=\"cvGsUA direction-ltr align-start para-style-body\"><span class=\"OYPEnA text-decoration-none text-strikethrough-none\">MPPT<\/span><span class=\"OYPEnA text-decoration-none text-strikethrough-none\"> 30A 100V<\/span><\/h6>\n<h6 class=\"cvGsUA direction-ltr align-start para-style-body\"><span class=\"OYPEnA text-decoration-none text-strikethrough-none\">MAX PV: 390W\/12V<\/span><\/h6>\n<h6 class=\"cvGsUA direction-ltr align-start para-style-body\">\u00a0<span class=\"OYPEnA text-decoration-none text-strikethrough-none\">780W\/24V<\/span><\/h6>\n<p>&nbsp;<\/p>\n<p>ESPECIFICACIONES Y MANUAL<\/p>\n<p><a href=\"https:\/\/sksolarbolivia.com\/wp-content\/uploads\/2024\/04\/XTRA-N-Manual-EN-V4.5ETL.pdf\">XTRA-N-Manual-EN-V4.5ETL<\/a><\/p>\n<p><a href=\"https:\/\/sksolarbolivia.com\/wp-content\/uploads\/2024\/04\/EPEVER-Datasheet_XTRA-1.pdf\">EPEVER-Datasheet_XTRA-1<\/a><\/p>\n","protected":false},"featured_media":650,"template":"","meta":{"site-sidebar-layout":"default","site-content-layout":"","ast-site-content-layout":"default","site-content-style":"default","site-sidebar-style":"default","ast-global-header-display":"","ast-banner-title-visibility":"","ast-main-header-display":"","ast-hfb-above-header-display":"","ast-hfb-below-header-display":"","ast-hfb-mobile-header-display":"","site-post-title":"","ast-breadcrumbs-content":"","ast-featured-img":"","footer-sml-layout":"","theme-transparent-header-meta":"default","adv-header-id-meta":"","stick-header-meta":"","header-above-stick-meta":"","header-main-stick-meta":"","header-below-stick-meta":"","astra-migrate-meta-layouts":"set","ast-page-background-enabled":"default","ast-page-background-meta":{"desktop":{"background-color":"","background-image":"","background-repeat":"repeat","background-position":"center center","background-size":"auto","background-attachment":"scroll","background-type":"","background-media":"","overlay-type":"","overlay-color":"","overlay-gradient":""},"tablet":{"background-color":"","background-image":"","background-repeat":"repeat","background-position":"center center","background-size":"auto","background-attachment":"scroll","background-type":"","background-media":"","overlay-type":"","overlay-color":"","overlay-gradient":""},"mobile":{"background-color":"","background-image":"","background-repeat":"repeat","background-position":"center center","background-size":"auto","background-attachment":"scroll","background-type":"","background-media":"","overlay-type":"","overlay-color":"","overlay-gradient":""}},"ast-content-background-meta":{"desktop":{"background-color":"var(--ast-global-color-5)","background-image":"","background-repeat":"repeat","background-position":"center center","background-size":"auto","background-attachment":"scroll","background-type":"","background-media":"","overlay-type":"","overlay-color":"","overlay-gradient":""},"tablet":{"background-color":"var(--ast-global-color-5)","background-image":"","background-repeat":"repeat","background-position":"center center","background-size":"auto","background-attachment":"scroll","background-type":"","background-media":"","overlay-type":"","overlay-color":"","overlay-gradient":""},"mobile":{"background-color":"var(--ast-global-color-5)","background-image":"","background-repeat":"repeat","background-position":"center center","background-size":"auto","background-attachment":"scroll","background-type":"","background-media":"","overlay-type":"","overlay-color":"","overlay-gradient":""}}},"product_cat":[24],"product_tag":[],"class_list":{"0":"post-648","1":"product","2":"type-product","3":"status-publish","4":"has-post-thumbnail","6":"product_cat-controlador-de-carga","7":"desktop-align-left","8":"tablet-align-left","9":"mobile-align-left","11":"first","12":"instock","13":"shipping-taxable","14":"purchasable","15":"product-type-simple"},"_links":{"self":[{"href":"https:\/\/sksolarbolivia.com\/index.php\/wp-json\/wp\/v2\/product\/648","targetHints":{"allow":["GET"]}}],"collection":[{"href":"https:\/\/sksolarbolivia.com\/index.php\/wp-json\/wp\/v2\/product"}],"about":[{"href":"https:\/\/sksolarbolivia.com\/index.php\/wp-json\/wp\/v2\/types\/product"}],"wp:featuredmedia":[{"embeddable":true,"href":"https:\/\/sksolarbolivia.com\/index.php\/wp-json\/wp\/v2\/media\/650"}],"wp:attachment":[{"href":"https:\/\/sksolarbolivia.com\/index.php\/wp-json\/wp\/v2\/media?parent=648"}],"wp:term":[{"taxonomy":"product_cat","embeddable":true,"href":"https:\/\/sksolarbolivia.com\/index.php\/wp-json\/wp\/v2\/product_cat?post=648"},{"taxonomy":"product_tag","embeddable":true,"href":"https:\/\/sksolarbolivia.com\/index.php\/wp-json\/wp\/v2\/product_tag?post=648"}],"curies":[{"name":"wp","href":"https:\/\/api.w.org\/{rel}","templated":true}]}}