{"id":761,"date":"2024-05-03T21:46:02","date_gmt":"2024-05-03T21:46:02","guid":{"rendered":"https:\/\/sksolarbolivia.com\/?post_type=product&#038;p=761"},"modified":"2024-05-03T23:20:35","modified_gmt":"2024-05-03T23:20:35","slug":"bomba-centrifuga-sumergible-solar-4sp3-18-3hp-altura-max-185m","status":"publish","type":"product","link":"https:\/\/sksolarbolivia.com\/index.php\/product\/bomba-centrifuga-sumergible-solar-4sp3-18-3hp-altura-max-185m\/","title":{"rendered":"BOMBA CENTR\u00cdFUGA SUMERGIBLE SOLAR 4SP3-18 3HP ALTURA MAX 185M"},"content":{"rendered":"<p>BOMBA SUMERGIBLE SOLAR HIBRIDA AC\/DC<\/p>\n<p><strong>CARACTER\u00cdSTICAS PRINCIPALES:<\/strong><br \/>\n\u2022 Funcionamiento en AC DC, selecci\u00f3n autom\u00e1tica en funci\u00f3n de la fuente de energ\u00eda disponible.<br \/>\n\u2022 Amplio rango de tensi\u00f3n de trabajo: 60-450Vcc; 90-240Vca.<br \/>\n\u2022 Motor de doble aislaci\u00f3n, sin escobillas, de imanes permanentes.<br \/>\n\u2022 Controlador incorporado MPPT.<br \/>\n\u2022 Alta Eficiencia.<br \/>\n\u2022 Funcionamiento autom\u00e1tico o manual, a elecci\u00f3n del usuario. (Para automatizar necesita monitor y boya en el tanque)<br \/>\n\u2022 Control de nivel de agua en pozo, para evitar funcionamiento en seco.<br \/>\n\u2022 Protecci\u00f3n de sobre-corriente; sobretensi\u00f3n de entrada y sobrecarga.<br \/>\n\u2022 Bajo costo operativo.<\/p>\n<p>El motor de imanes permanentes asegura una alta eficiencia, lo que se traduce en una menor cantidad de paneles solares necesarios para funcionar.<br \/>\nEst\u00e1 dise\u00f1ada para f\u00e1cil instalaci\u00f3n y operaci\u00f3n, y no requiere mantenimiento especial.<br \/>\nEs la soluci\u00f3n ideal para suministrar agua en zonas remotas, donde el servicio de energ\u00eda de red es deficiente, o no est\u00e1 disponible; o bien, para ahorrar energ\u00eda<\/p>\n","protected":false},"excerpt":{"rendered":"<p class=\"cvGsUA direction-ltr align-start para-style-body\"><span class=\"OYPEnA text-decoration-none text-strikethrough-none\">H\u00cdBRIDA AC\/DC &#8211; PV 3000W &#8211; 60\/450Vmp<\/span><\/p>\n<p class=\"cvGsUA direction-ltr align-start para-style-body\"><span class=\"OYPEnA text-decoration-none text-strikethrough-none\">4 PULGADAS<\/span><\/p>\n<p class=\"cvGsUA direction-ltr align-start para-style-body\"><span class=\"OYPEnA text-decoration-none text-strikethrough-none\">CONTROLADOR INTERNO<\/span><\/p>\n<p class=\"cvGsUA direction-ltr align-start para-style-body\"><span class=\"OYPEnA text-decoration-none text-strikethrough-none\">ALTURA MAX: 185M<\/span><\/p>\n<p class=\"cvGsUA direction-ltr align-start para-style-body\"><span class=\"OYPEnA text-decoration-none text-strikethrough-none\">CAUDAL MAX: 6M3\/Hr<\/span><\/p>\n<p class=\"cvGsUA direction-ltr align-start para-style-body\"><span class=\"OYPEnA text-decoration-none text-strikethrough-none\">SALIDA: 1.25\u201c<\/span><\/p>\n","protected":false},"featured_media":762,"template":"","meta":{"site-sidebar-layout":"default","site-content-layout":"","ast-site-content-layout":"default","site-content-style":"default","site-sidebar-style":"default","ast-global-header-display":"","ast-banner-title-visibility":"","ast-main-header-display":"","ast-hfb-above-header-display":"","ast-hfb-below-header-display":"","ast-hfb-mobile-header-display":"","site-post-title":"","ast-breadcrumbs-content":"","ast-featured-img":"","footer-sml-layout":"","theme-transparent-header-meta":"default","adv-header-id-meta":"","stick-header-meta":"","header-above-stick-meta":"","header-main-stick-meta":"","header-below-stick-meta":"","astra-migrate-meta-layouts":"set","ast-page-background-enabled":"default","ast-page-background-meta":{"desktop":{"background-color":"","background-image":"","background-repeat":"repeat","background-position":"center center","background-size":"auto","background-attachment":"scroll","background-type":"","background-media":"","overlay-type":"","overlay-color":"","overlay-gradient":""},"tablet":{"background-color":"","background-image":"","background-repeat":"repeat","background-position":"center center","background-size":"auto","background-attachment":"scroll","background-type":"","background-media":"","overlay-type":"","overlay-color":"","overlay-gradient":""},"mobile":{"background-color":"","background-image":"","background-repeat":"repeat","background-position":"center center","background-size":"auto","background-attachment":"scroll","background-type":"","background-media":"","overlay-type":"","overlay-color":"","overlay-gradient":""}},"ast-content-background-meta":{"desktop":{"background-color":"var(--ast-global-color-5)","background-image":"","background-repeat":"repeat","background-position":"center center","background-size":"auto","background-attachment":"scroll","background-type":"","background-media":"","overlay-type":"","overlay-color":"","overlay-gradient":""},"tablet":{"background-color":"var(--ast-global-color-5)","background-image":"","background-repeat":"repeat","background-position":"center center","background-size":"auto","background-attachment":"scroll","background-type":"","background-media":"","overlay-type":"","overlay-color":"","overlay-gradient":""},"mobile":{"background-color":"var(--ast-global-color-5)","background-image":"","background-repeat":"repeat","background-position":"center center","background-size":"auto","background-attachment":"scroll","background-type":"","background-media":"","overlay-type":"","overlay-color":"","overlay-gradient":""}}},"product_cat":[30],"product_tag":[],"class_list":{"0":"post-761","1":"product","2":"type-product","3":"status-publish","4":"has-post-thumbnail","6":"product_cat-bombas-de-agua","7":"desktop-align-left","8":"tablet-align-left","9":"mobile-align-left","11":"first","12":"instock","13":"shipping-taxable","14":"purchasable","15":"product-type-simple"},"_links":{"self":[{"href":"https:\/\/sksolarbolivia.com\/index.php\/wp-json\/wp\/v2\/product\/761","targetHints":{"allow":["GET"]}}],"collection":[{"href":"https:\/\/sksolarbolivia.com\/index.php\/wp-json\/wp\/v2\/product"}],"about":[{"href":"https:\/\/sksolarbolivia.com\/index.php\/wp-json\/wp\/v2\/types\/product"}],"wp:featuredmedia":[{"embeddable":true,"href":"https:\/\/sksolarbolivia.com\/index.php\/wp-json\/wp\/v2\/media\/762"}],"wp:attachment":[{"href":"https:\/\/sksolarbolivia.com\/index.php\/wp-json\/wp\/v2\/media?parent=761"}],"wp:term":[{"taxonomy":"product_cat","embeddable":true,"href":"https:\/\/sksolarbolivia.com\/index.php\/wp-json\/wp\/v2\/product_cat?post=761"},{"taxonomy":"product_tag","embeddable":true,"href":"https:\/\/sksolarbolivia.com\/index.php\/wp-json\/wp\/v2\/product_tag?post=761"}],"curies":[{"name":"wp","href":"https:\/\/api.w.org\/{rel}","templated":true}]}}